 1714115793?
1
What is the millions digit of 64523847?
4
What is the units digit of 62026855?
5
What is the hundred millions digit of 143364811?
1
What is the ten thousands digit of 74182586?
8
What is the tens digit of 767022530?
3
What is the millions digit of 80339062?
0
What is the units digit of 2908563197?
7
What is the hundreds digit of 446275821?
8
What is the tens digit of 472485189?
8
What is the ten thousands digit of 46043073?
4
What is the billions digit of 1920609937?
1
What is the ten thousands digit of 2654751948?
5
What is the millions digit of 43934590?
3
What is the ten thousands digit of 13967547?
6
What is the thousands digit of 103817104?
7
What is the thousands digit of 80334420?
4
What is the ten thousands digit of 17674666?
7
What is the hundred thousands digit of 21507364?
5
What is the tens digit of 2607669372?
7
What is the hundred thousands digit of 243824245?
8
What is the thousands digit of 8774394?
4
What is the thousands digit of 84248797?
8
What is the hundred thousands digit of 39247817?
2
What is the units digit of 359037025?
5
What is the ten thousands digit of 837730029?
3
What is the millions digit of 28703556?
8
What is the ten thousands digit of 852011566?
1
What is the hundred thousands digit of 23593280?
5
What is the millions digit of 20096754?
0
What is the tens digit of 133585855?
5
What is the hundreds digit of 467130524?
5
What is the thousands digit of 2597779758?
9
What is the units digit of 351860743?
3
What is the ten millions digit of 5650962979?
5
What is the units digit of 8066917?
7
What is the ten millions digit of 201146866?
0
What is the millions digit of 1231410657?
1
What is the ten millions digit of 163149732?
6
What is the tens digit of 426074116?
1
What is the units digit of 39201619?
9
What is the tens digit of 8753538893?
9
What is the millions digit of 31649099?
1
What is the ten thousands digit of 596406134?
0
What is the hundred millions digit of 3456865950?
4
What is the tens digit of 2025627944?
4
What is the millions digit of 143180339?
3
What is the tens digit of 73042292?
9
What is the thousands digit of 46551500?
1
What is the hundred millions digit of 223248464?
2
What is the millions digit of 390294802?
0
What is the millions digit of 117697811?
7
What is the hundred thousands digit of 102109728?
1
What is the millions digit of 5853925363?
3
What is the hundreds digit of 843216664?
6
What is the units digit of 83027984?
4
What is the ten millions digit of 3184490816?
8
What is the hundreds digit of 240931417?
4
What is the hundred millions digit of 2011244209?
0
What is the billions digit of 1630786237?
1
What is the ten millions digit of 753955327?
5
What is the thousands digit of 1073897170?
7
What is the tens digit of 1379776401?
0
What is the thousands digit of 47603985?
3
What is the tens digit of 293730675?
7
What is the hundred thousands digit of 44081753?
0
What is the units digit of 9321105998?
8
What is the thousands digit of 349515944?
5
What is the hundred thousands digit of 152726022?
7
What is the ten millions digit of 39609710?
3
What is the units digit of 3632897669?
9
What is the units digit of 9387479?
9
What is the ten millions digit of 763265060?
6
What is the ten thousands digit of 599214854?
1
What is the units digit of 3429484613?
3
What is the millions digit of 183016428?
3
What is the thousands digit of 14940933?
0
What is the hundreds digit of 2941434664?
6
What is the tens digit of 6136217644?
4
What is the hundred thousands digit of 20357705?
3
What is the hundreds digit of 297305825?
8
What is the thousands digit of 203986449?
6
What is the millions digit of 4234719617?
4
What is the tens digit of 140144239?
3
What is the tens digit of 857707864?
6
What is the millions digit of 165049706?
5
What is the ten thousands digit of 92089654?
8
What is the tens digit of 4981517?
1
What is the thousands digit of 7225632412?
2
What is the hundreds digit of 58521285?
2
What is the units digit of 4354204?
4
What is the thousands digit of 27810458?
0
What is the units digit of 73659826?
6
What is the tens digit of 96949993?
9
What is the hundred thousands digit of 567137446?
1
What is the millions digit of 556101499?
6
What is the hundreds digit of 12241551?
5
What is the units digit of 46599073?
3
What is the units digit of 27894319?
9
What is the millions digit of 2367904039?
7
What is the millions digit of 2148985355?
8
What is the ten thousands digit of 1498587789?
8
What is the hundreds digit of 1414794614?
6
What is the millions digit of 5481284024?
1
What is the hundred millions digit of 291975981?
2
What is the hundreds digit of 53094792?
7
What is the hundred thousands digit of 1054132595?
1
What is the ten thousands digit of 142407739?
0
What is the hundred millions digit of 1167528656?
1
What is the tens digit of 914532190?
9
What is the hundred thousands digit of 105532086?
5
What is the tens digit of 95887049?
4
What is the tens digit of 186376387?
8
What is the ten millions digit of 327636015?
2
What is the millions digit of 72128787?
2
What is the tens digit of 6340220?
2
What is the hundred thousands digit of 41929399?
9
What is the ten thousands digit of 272144631?
4
What is the units digit of 24231495?
5
What is the hundred thousands digit of 254855643?
8
What is the thousands digit of 22125527?
5
What is the units digit of 79635965?
5
What is the thousands digit of 537100414?
0
What is the tens digit of 47826341?
4
What is the thousands digit of 1341644229?
4
What is the ten thousands digit of 106122656?
2
What is the thousands digit of 3471869584?
9
What is the hundred thousands digit of 481908634?
9
What is the hundreds digit of 1800050996?
9
What is the ten thousands digit of 1329593368?
9
What is the ten millions digit of 877477437?
7
What is the hundreds digit of 65864113?
1
What is the hundred millions digit of 737295509?
7
What is the millions digit of 865922785?
5
What is the hundred millions digit of 103397579?
1
What is the millions digit of 304536443?
4
What is the hundred thousands digit of 54592401?
5
What is the tens digit of 376059279?
7
What is the hundred thousands digit of 5666334?
6
What is the ten millions digit of 788682719?
8
What is the ten millions digit of 32469474?
3
What is the ten thousands digit of 177587539?
8
What is the ten thousands digit of 2134226753?
2
What is the tens digit of 107988784?
8
What is the ten millions digit of 287131477?
8
What is the hundred millions digit of 3703982452?
7
What is the hundred millions digit of 824508710?
8
What is the millions digit of 3370769?
3
What is the ten thousands digit of 3168947965?
4
What is the hundreds digit of 701409818?
8
What is the hundred thousands digit of 26144514?
1
What is the tens digit of 40983530?
3
What is the units digit of 162986759?
9
What is the ten thousands digit of 4461535687?
3
What is the thousands digit of 730433013?
3
What is the ten millions digit of 91867434?
9
What is the ten thousands digit of 637080268?
8
What is the units digit of 93460855?
5
What is the hundred thousands digit of 24246360?
2
What is the ten thousands digit of 105011?
0
What is the ten millions digit of 450260109?
5
What is the ten thousands digit of 852111865?
1
What is the hundreds digit of 50394482?
4
What is the millions digit of 323110586?
3
What is the units digit of 37583013?
3
What is the ten millions digit of 818046110?
1
What is the tens digit of 372154636?
3
What is the thousands digit of 34331002?
1
What is the ten thousands digit of 57011075?
1
What is the tens digit of 805815?
1
What is the units digit of 1781029655?
5
What is the tens digit of 114058140?
4
What is the ten thousands digit of 285275935?
7
What is the thousands digit of 24290592?
0
What is the hundred millions digit of 294689351?
2
What is the millions digit of 105850851?
5
What is the ten thousands digit of 2705478479?
7
What is the ten thousands digit of 46059542?
5
What is the units digit of 1082844?
4
What is the tens digit of 72473426?
2
What is the hundred thousands digit of 3408129999?
1
What is the thousands digit of 231946135?
6
What is the hundred thousands digit of 373695073?
6
What is the ten thousands digit of 18219127?
1
What is the hundred millions digit of 25